remainder when 16062 is divided by 15951?
111
What is the remainder when 50803 is divided by 16931?
10
Calculate the remainder when 7249 is divided by 202.
179
What is the remainder when 1595377 is divided by 590?
17
Calculate the remainder when 14621695 is divided by 872.
871
What is the remainder when 26892347 is divided by 8964102?
41
Calculate the remainder when 195232 is divided by 1551.
1357
Calculate the remainder when 271401 is divided by 134949.
1503
What is the remainder when 5604 is divided by 523?
374
What is the remainder when 3351082 is divided by 359?
176
Calculate the remainder when 1679181 is divided by 725.
81
What is the remainder when 6245595 is divided by 136?
67
What is the remainder when 451268 is divided by 1496?
972
What is the remainder when 148354233 is divided by 24900?
33
Calculate the remainder when 2090698 is divided by 261337.
2
What is the remainder when 3089770 is divided by 45?
25
What is the remainder when 235856144 is divided by 3845?
3844
What is the remainder when 159160 is divided by 63?
22
Calculate the remainder when 2491986 is divided by 348.
306
Calculate the remainder when 265220 is divided by 24097.
153
Calculate the remainder when 115935982 is divided by 39.
19
What is the remainder when 15425309 is divided by 294?
11
Calculate the remainder when 18210236 is divided by 30.
26
What is the remainder when 24243 is divided by 1005?
123
Calculate the remainder when 61352 is divided by 69.
11
What is the remainder when 164802 is divided by 23341?
1415
Calculate the remainder when 599981 is divided by 176.
173
What is the remainder when 1526809 is divided by 35?
4
Calculate the remainder when 302394 is divided by 9157.
213
Calculate the remainder when 2412331 is divided by 92.
91
Calculate the remainder when 1119708 is divided by 74382.
3978
Calculate the remainder when 76324718 is divided by 4520.
4518
Calculate the remainder when 2920995 is divided by 83455.
70
Calculate the remainder when 278878 is divided by 6407.
3377
What is the remainder when 180170 is divided by 3813?
959
Calculate the remainder when 872618 is divided by 507.
71
What is the remainder when 150681 is divided by 16739?
30
What is the remainder when 111525194 is divided by 217?
214
What is the remainder when 598738 is divided by 6882?
4
What is the remainder when 47154 is divided by 2630?
2444
What is the remainder when 1182407 is divided by 1631?
1563
What is the remainder when 55645866 is divided by 366?
324
What is the remainder when 54886 is divided by 44?
18
What is the remainder when 121356 is divided by 40?
36
Calculate the remainder when 8550622 is divided by 977.
895
Calculate the remainder when 81616 is divided by 36.
4
What is the remainder when 612636 is divided by 76500?
636
What is the remainder when 802589 is divided by 3?
2
What is the remainder when 8331 is divided by 2583?
582
Calculate the remainder when 1062721 is divided by 6038.
33
Calculate the remainder when 630426 is divided by 57310.
16
Calculate the remainder when 60629 is divided by 4599.
842
Calculate the remainder when 93506 is divided by 4452.
14
What is the remainder when 91502 is divided by 91328?
174
What is the remainder when 19992254 is divided by 73?
36
Calculate the remainder when 12366915 is divided by 162722.
43
What is the remainder when 36524 is divided by 1163?
471
What is the remainder when 1422910 is divided by 1422890?
20
What is the remainder when 154657 is divided by 1593?
136
Calculate the remainder when 7512807 is divided by 2012.
2011
Calculate the remainder when 2443539 is divided by 543.
39
What is the remainder when 1500181 is divided by 750088?
5
Calculate the remainder when 19241928 is divided by 1068996.
0
Calculate the remainder when 35256 is divided by 269.
17
Calculate the remainder when 801033 is divided by 1313.
103
Calculate the remainder when 83529779 is divided by 60.
59
What is the remainder when 511712 is divided by 14617?
117
Calculate the remainder when 1405248 is divided by 21.
12
Calculate the remainder when 468499630 is divided by 7443.
7438
What is the remainder when 37310 is divided by 7438?
120
Calculate the remainder when 2748003 is divided by 1253.
174
Calculate the remainder when 371242 is divided by 46.
22
Calculate the remainder when 108155078 is divided by 586.
574
Calculate the remainder when 34355086 is divided by 3637.
3621
What is the remainder when 570693 is divided by 570631?
62
What is the remainder when 880131 is divided by 85?
41
What is the remainder when 8822947 is divided by 30010?
7
Calculate the remainder when 979670 is divided by 489815.
40
Calculate the remainder when 209574 is divided by 9053.
1355
Calculate the remainder when 766603 is divided by 36476.
607
What is the remainder when 26378096 is divided by 45323?
110
Calculate the remainder when 3588651 is divided by 3588636.
15
What is the remainder when 14014527 is divided by 16?
15
Calculate the remainder when 99963 is divided by 69.
51
Calculate the remainder when 132300221 is divided by 122.
5
What is the remainder when 3208019 is divided by 335?
59
What is the remainder when 7446218 is divided by 2482070?
8
What is the remainder when 7811328 is divided by 701?
85
Calculate the remainder when 71894 is divided by 35868.
158
What is the remainder when 660158 is divided by 87?
2
Calculate the remainder when 212507 is divided by 430.
87
Calculate the remainder when 94210 is divided by 23171.
1526
What is the remainder when 423438685 is divided by 11?
10
What is the remainder when 677820 is divided by 1756?
4
Calculate the remainder when 3361157 is divided by 480097.
478
Calculate the remainder when 82472 is divided by 817.
772
What is the remainder when 74236244 is divided by 23?
18
Calculate the remainder when 360080 is divided by 977.
544
Calculate the remainder when 123344 is divided by 40659.
1367
Calculate the remainder when 496224 is divided by 214.
172
Calculate the remainder when 42235 is divided by 68.
7
Calculate the remainder when 516461 is divided by 464.
29
Calculate the remainder when 1605127 is divided by 824.
799
Calculate the remainder when 77580 is divided by 23670.
6570
Calculate the remainder when 48682 is divided by 585.
127
What is the remainder when 436122 is divided by 254?
4
What is the remainder when 16107 is divided by 4248?
3363
Calculate the remainder when 17495710 is divided by 8747851.
8
Calculate the remainder when 202731204 is divided by 911.
908
What is the remainder when 1425142 is divided by 12081?
11665
What is the remainder when 1013352 is divided by 1013349?
3
What is the remainder when 8991064 is divided by 593?
591
Calculate the remainder when 5403078 is divided by 20.
18
What is the remainder when 40744339 is divided by 17?
14
What is the remainder when 47297 is divided by 21522?
4253
What is the remainder when 92744110 is divided by 31838?
16
What is the remainder when 25334 is divided by 170?
4
What is the remainder when 3926314 is divided by 785060?
1014
What is the remainder when 2038346 is divided by 8635?
486
Calculate the remainder when 94671865 is divided by 1656.
1
What is the remainder when 22184369 is divided by 39?
38
Calculate the remainder when 26258 is divided by 6491.
294
What is the remainder when 888508 is divided by 1381?
525
Calculate the remainder when 477563 is divided by 189.
149
Calculate the remainder when 6358185 is divided by 167.
161
What is the remainder when 534592 is divided by 76?
8
Calculate the remainder when 30378 is divided by 2661.
1107
What is the remainder when 88165736 is divided by 79?
77
Calculate the remainder when 238421 is divided by 93.
62
What is the remainder when 13672586 is divided by 3418143?
14
Calculate the remainder when 2909895 is divided by 1514.
1501
What is the remainder when 8929318 is divided by 1178?
78
What is the remainder when 267785 is divided by 374?
1
What is the remainder when 2028772 is divided by 405752?
12
Calculate the remainder when 5075900 is divided by 9799.
18
What is the remainder when 5211208 is divided by 1475?
33
What is the remainder when 12996 is divided by 3665?
2001
Calculate the remainder when 625275 is divided by 2462.
2389
Calculate the remainder when 459600 is divided by 62.
56
Calculate the remainder w